{"id":850,"date":"2021-04-23T08:08:04","date_gmt":"2021-04-23T08:08:04","guid":{"rendered":"http:\/\/www.erosypsique.es\/?page_id=850"},"modified":"2021-04-30T16:39:54","modified_gmt":"2021-04-30T16:39:54","slug":"equipo-de-eros-y-psique","status":"publish","type":"page","link":"https:\/\/www.erosypsique.es\/index.php\/equipo-de-eros-y-psique\/","title":{"rendered":"Mi Equipo"},"content":{"rendered":"\n<p><strong>B\u00e1rbara Senia<\/strong><\/p>\n<p><a href=\"http:\/\/www.erosypsique.es\/wp-content\/uploads\/2021\/04\/B\u00e1rbara-foto.jpeg\"><img loading=\"lazy\" decoding=\"async\" class=\"alignleft size-medium wp-image-861\" src=\"http:\/\/www.erosypsique.es\/wp-content\/uploads\/2021\/04\/B\u00e1rbara-foto-215x300.jpeg\" alt=\"\" width=\"215\" height=\"300\" srcset=\"https:\/\/www.erosypsique.es\/wp-content\/uploads\/2021\/04\/B\u00e1rbara-foto-215x300.jpeg 215w, https:\/\/www.erosypsique.es\/wp-content\/uploads\/2021\/04\/B\u00e1rbara-foto-733x1024.jpeg 733w, https:\/\/www.erosypsique.es\/wp-content\/uploads\/2021\/04\/B\u00e1rbara-foto-768x1074.jpeg 768w, https:\/\/www.erosypsique.es\/wp-content\/uploads\/2021\/04\/B\u00e1rbara-foto-1099x1536.jpeg 1099w, https:\/\/www.erosypsique.es\/wp-content\/uploads\/2021\/04\/B\u00e1rbara-foto.jpeg 1465w\" sizes=\"(max-width: 215px) 100vw, 215px\" \/><\/a><\/p>\n<p>Mi nombre es B\u00e1rbara, soy Psic\u00f3loga General Sanitaria, Sex\u00f3loga, Terapeuta de Pareja y Perito Judicial <strong>Experta en la Detecci\u00f3n en Maltrato y Abusos Sexuales en la Infancia<\/strong>.<\/p>\n<p>Como profesional feminista y reivindicativa, trato de luchar y colaborar desde distintos frentes en pro de una sociedad y una sexualidad plena. Actualmente adem\u00e1s soy miembro de la junta directiva de la Asociaci\u00f3n Ultravioleta de g\u00e9nero y arte.<\/p>\n<p>Mi inter\u00e9s por la vivencia de la sexualidad, el mundo de las parejas, la igualdad, el feminismo, la lucha\u2026comenz\u00f3 hace m\u00e1s tiempo del que puedo recordar y, viendo desde peque\u00f1a el impacto que cada pieza ten\u00eda en las personas, me decid\u00ed a formarme y aportar mi granito de arena a toda costa. Ahora, puedo contaros con orgullo que dedico gran parte de mi tiempo a\u00a0trabajar en el\u00a0Centro de Atenci\u00f3n a V\u00edctimas de Agresi\u00f3n Sexual en la Regi\u00f3n de Murcia (CAVAX), lugar desde el que se me permite <strong>acompa\u00f1ar en su proceso a todas esas mujeres que sobrevivieron a la violencia sexual<\/strong>.<\/p>\n<p>El resto de mi tiempo lo comparto con quien fue <strong>mi mentora y la profesional en la que quer\u00eda verme reflejada, Laura Cruz<\/strong>. Para m\u00ed es un placer formar parte del equipo de Eros y Psique y tener la oportunidad de conoceros y acompa\u00f1aros en vuestra sexualidad<\/p>\n<p>\u00a0<\/p>\n<p><strong>Mar\u00eda Rubio<\/strong><\/p>\n<p><a href=\"http:\/\/www.erosypsique.es\/wp-content\/uploads\/2021\/04\/MARIA-FOTO.jpeg\"><img loading=\"lazy\" decoding=\"async\" class=\"alignleft size-medium wp-image-862\" src=\"http:\/\/www.erosypsique.es\/wp-content\/uploads\/2021\/04\/MARIA-FOTO-220x300.jpeg\" alt=\"\" width=\"220\" height=\"300\" srcset=\"https:\/\/www.erosypsique.es\/wp-content\/uploads\/2021\/04\/MARIA-FOTO-220x300.jpeg 220w, https:\/\/www.erosypsique.es\/wp-content\/uploads\/2021\/04\/MARIA-FOTO.jpeg 719w\" sizes=\"(max-width: 220px) 100vw, 220px\" \/><\/a><\/p>\n<p>\u00a0<\/p>\n<p>Mi nombre es Mar\u00eda Rubio, soy Psic\u00f3loga Sanitaria especializada en Sexolog\u00eda y Terapia de Pareja, formada en problem\u00e1ticas emocionales, dependencia emocional en pareja, autoestima y<strong> siendo mi especialidad las dificultades relacionadas con dolor o imposibilidad en la penetraci\u00f3n<\/strong>. He realizado diversas charlas y talleres sobre consentimiento sexual, igualdad, buen\u00a0trato en pareja y educaci\u00f3n sexual.<\/p>\n<p>Me siento muy afortunada de poder dedicar mi tiempo y trabajo a ayudar a personas a mejorar su vida sentimental y sexual. Conforme voy leyendo, form\u00e1ndome y viviendo, me doy cuenta de la poca educaci\u00f3n sexual que tenemos y lo necesaria que es. Dejamos a un lado la sexualidad como si fuese prescindible, menos importante, cuando nos afecta en todo. <strong>Deja que comparta contigo todo lo que he aprendido para poder acercarnos a una vivencia de la sexualidad m\u00e1s positiva, respetuosa y justa para ti.<\/strong><\/p>\n<p>Me considero una persona directa, sincera, trabajadora, dedicada a mi trabajo y a las personas que conf\u00edan en m\u00ed, y sobre todo ver\u00e1s que apuesto por la naturalidad. <strong>Me siento agradecida por tener la oportunidad de formar parte de Eros y Psique, un centro de Sexolog\u00eda de referencia<\/strong> en la comunidad y\u00a0 adem\u00e1s con dos compa\u00f1eras que me inspiran a convertirme en una mejor profesional, es una aventura en la que estoy encantada de poder formar \u00a0parte.<\/p>\n<p>Uno de mis objetivos vitales es luchar a favor de nuestros derechos sexuales y ayudar a erradicar injusticias de base como la violencia sexual, de g\u00e9nero o la mutilaci\u00f3n genital femenina. <strong>\u00a1Vamos a trabajar por la gran olvidada: nuestra sexualidad!<\/strong><\/p>\n<p>\u00a0<\/p>\n","protected":false},"excerpt":{"rendered":"<p>B\u00e1rbara Senia Mi nombre es B\u00e1rbara, soy Psic\u00f3loga General Sanitaria, Sex\u00f3loga, Terapeuta de Pareja y Perito Judicial Experta en la Detecci\u00f3n en Maltrato y Abusos Sexuales en la Infancia. Como profesional feminista y reivindicativa, trato de luchar y colaborar desde<\/p>\n","protected":false},"author":1,"featured_media":0,"parent":0,"menu_order":0,"comment_status":"closed","ping_status":"closed","template":"","meta":{"footnotes":""},"aioseo_notices":[],"_links":{"self":[{"href":"https:\/\/www.erosypsique.es\/index.php\/wp-json\/wp\/v2\/pages\/850"}],"collection":[{"href":"https:\/\/www.erosypsique.es\/index.php\/wp-json\/wp\/v2\/pages"}],"about":[{"href":"https:\/\/www.erosypsique.es\/index.php\/wp-json\/wp\/v2\/types\/page"}],"author":[{"embeddable":true,"href":"https:\/\/www.erosypsique.es\/index.php\/wp-json\/wp\/v2\/users\/1"}],"replies":[{"embeddable":true,"href":"https:\/\/www.erosypsique.es\/index.php\/wp-json\/wp\/v2\/comments?post=850"}],"version-history":[{"count":14,"href":"https:\/\/www.erosypsique.es\/index.php\/wp-json\/wp\/v2\/pages\/850\/revisions"}],"predecessor-version":[{"id":902,"href":"https:\/\/www.erosypsique.es\/index.php\/wp-json\/wp\/v2\/pages\/850\/revisions\/902"}],"wp:attachment":[{"href":"https:\/\/www.erosypsique.es\/index.php\/wp-json\/wp\/v2\/media?parent=850"}],"curies":[{"name":"wp","href":"https:\/\/api.w.org\/{rel}","templated":true}]}}